atest common factor of 165 and 395?
5
What is the highest common divisor of 175 and 35?
35
What is the greatest common divisor of 1408 and 160?
32
What is the greatest common factor of 27336 and 102?
102
Calculate the greatest common factor of 1742 and 78.
26
Calculate the greatest common divisor of 900 and 27.
9
What is the highest common factor of 42 and 28?
14
What is the highest common factor of 644 and 92?
92
Calculate the highest common factor of 78 and 442.
26
What is the highest common divisor of 731 and 68?
17
Calculate the highest common factor of 29 and 3451.
29
What is the highest common divisor of 18 and 531?
9
What is the greatest common factor of 428 and 30602?
214
Calculate the greatest common factor of 100 and 125.
25
Calculate the greatest common divisor of 50 and 2325.
25
What is the greatest common divisor of 476 and 2142?
238
Calculate the greatest common factor of 1012 and 276.
92
What is the greatest common divisor of 1269 and 47?
47
What is the greatest common divisor of 48 and 16800?
48
Calculate the highest common factor of 6 and 21.
3
Calculate the highest common factor of 15616 and 61.
61
What is the greatest common divisor of 26805 and 75?
15
Calculate the greatest common factor of 1449 and 161.
161
What is the greatest common divisor of 200 and 2350?
50
What is the greatest common factor of 37 and 2?
1
Calculate the highest common factor of 188 and 517.
47
Calculate the greatest common factor of 1820 and 8820.
140
Calculate the greatest common divisor of 18 and 134.
2
Calculate the greatest common factor of 124 and 52.
4
Calculate the highest common factor of 26 and 858.
26
Calculate the greatest common divisor of 275 and 1760.
55
Calculate the greatest common divisor of 1760 and 16.
16
Calculate the greatest common divisor of 704 and 396.
44
What is the greatest common factor of 580 and 140?
20
Calculate the highest common divisor of 315 and 615.
15
Calculate the greatest common factor of 2744 and 8428.
196
Calculate the highest common factor of 55 and 11.
11
What is the highest common divisor of 49 and 8?
1
What is the greatest common factor of 11 and 319?
11
What is the greatest common factor of 38 and 1862?
38
Calculate the highest common divisor of 198 and 54.
18
What is the greatest common factor of 1694 and 14?
14
What is the greatest common divisor of 8795 and 10?
5
What is the highest common factor of 202 and 13130?
202
What is the highest common factor of 6 and 10?
2
Calculate the greatest common divisor of 23 and 23.
23
Calculate the greatest common divisor of 20 and 5060.
20
Calculate the highest common divisor of 980 and 360.
20
Calculate the greatest common factor of 272 and 16.
16
Calculate the highest common divisor of 22 and 253.
11
What is the greatest common factor of 132 and 60?
12
Calculate the highest common divisor of 32082 and 6.
6
Calculate the greatest common factor of 51 and 68.
17
What is the highest common divisor of 34 and 272?
34
Calculate the greatest common divisor of 46 and 14.
2
What is the greatest common divisor of 17303 and 143?
143
Calculate the greatest common factor of 35 and 497.
7
What is the highest common divisor of 26 and 221?
13
Calculate the greatest common divisor of 1067 and 388.
97
What is the greatest common factor of 16 and 20?
4
Calculate the highest common factor of 2014 and 10.
2
Calculate the highest common factor of 573 and 12.
3
Calculate the highest common factor of 144 and 16.
16
What is the highest common divisor of 632 and 8?
8
What is the highest common factor of 23758 and 14?
14
What is the highest common factor of 38 and 703?
19
What is the highest common factor of 70 and 2058?
14
What is the greatest common factor of 64 and 8?
8
What is the greatest common divisor of 2629 and 22?
11
What is the highest common factor of 115 and 405?
5
Calculate the highest common divisor of 130 and 3250.
130
What is the greatest common factor of 3362 and 574?
82
Calculate the highest common factor of 210 and 945.
105
What is the greatest common factor of 97 and 2619?
97
What is the greatest common divisor of 68 and 1394?
34
What is the greatest common factor of 793 and 39?
13
What is the greatest common divisor of 7 and 497?
7
Calculate the greatest common factor of 150 and 735.
15
What is the highest common divisor of 8 and 206?
2
What is the highest common factor of 51 and 408?
51
Calculate the highest common divisor of 16 and 240.
16
Calculate the greatest common divisor of 308 and 3124.
44
Calculate the highest common factor of 133 and 301.
7
What is the highest common divisor of 340 and 1156?
68
What is the highest common factor of 364 and 21?
7
What is the highest common factor of 2356 and 76?
76
What is the highest common divisor of 8136 and 113?
113
What is the highest common factor of 70 and 6055?
35
Calculate the greatest common divisor of 84 and 868.
28
Calculate the highest common divisor of 111 and 9657.
111
What is the greatest common factor of 1355 and 10?
5
What is the highest common factor of 2716 and 873?
97
Calculate the highest common divisor of 3 and 296.
1
What is the highest common factor of 10 and 4?
2
Calculate the greatest common divisor of 51 and 612.
51
What is the highest common divisor of 1664 and 208?
208
What is the greatest common divisor of 48 and 32?
16
Calculate the greatest common factor of 2599 and 46.
23
What is the greatest common divisor of 65 and 1066?
13
Calculate the greatest common factor of 19 and 70870.
19
What is the greatest common divisor of 52 and 260?
52
What is the highest common factor of 216 and 648?
216
Calculate the greatest common factor of 3125 and 225.
25
What is the highest common divisor of 495 and 1188?
99
Calculate the highest common divisor of 8 and 16616.
8
What is the highest common divisor of 889 and 35?
7
Calculate the highest common factor of 24 and 40.
8
Calculate the highest common factor of 504 and 7.
7
What is the greatest common divisor of 308 and 396?
44
Calculate the greatest common factor of 93 and 6789.
93
Calculate the greatest common divisor of 3 and 243.
3
Calculate the greatest common factor of 95 and 209.
19
Calculate the highest common divisor of 64 and 608.
32
What is the greatest common divisor of 1456 and 1008?
112
Calculate the greatest common divisor of 189 and 54.
27
What is the highest common factor of 79 and 48?
1
What is the highest common factor of 810 and 30?
30
What is the greatest common divisor of 216 and 90?
18
What is the greatest common divisor of 704 and 1712?
16
What is the highest common factor of 68 and 255?
17
Calculate the greatest common factor of 2 and 17.
1
What is the greatest common divisor of 15 and 303?
3
Calculate the greatest common divisor of 50020 and 205.
205
What is the greatest common divisor of 18 and 1287?
9
Calculate the highest common factor of 4626 and 90.
18
Calculate the highest common factor of 4 and 12.
4
What is the greatest common factor of 410 and 246?
82
Calculate the greatest common factor of 18 and 8226.
18
Calculate the highest common divisor of 47 and 1.
1
Calculate the highest common factor of 5 and 35.
5
What is the greatest common divisor of 312 and 16?
8
What is the greatest common divisor of 105 and 21?
21
What is the greatest common divisor of 181 and 14299?
181
What is the greatest common divisor of 11 and 7183?
11
What is the greatest common divisor of 3379 and 436?
109
What is the highest common divisor of 1633 and 46?
23
Calculate the greatest common divisor of 833 and 34.
17
What is the greatest common divisor of 199 and 3781?
199
What is the highest common factor of 10984 and 16?
8
What is the highest common divisor of 39 and 897?
39
What is the highest common factor of 1116 and 564?
12
What is the greatest common divisor of 440 and 6270?
110
What is the highest common divisor of 10517 and 13?
13
Calculate the highest common factor of 7568 and 258.
86
Calculate the highest common divisor of 328 and 779.
41
What is the greatest common divisor of 252 and 196?
28
Calculate the highest common factor of 732 and 12.
12
What is the greatest common divisor of 138 and 3?
3
What is the greatest common factor of 1513 and 2047?
89
What is the highest common factor of 49436 and 68?
68
What is the greatest common factor of 297